118200 = 0. Calculate the highest common divisor of p and 30.
30
Let g(c) = 12*c - 38. Let o be (12/(-6) + 1)/(1/(-27)). Let k be g(o). Let t be -1*((-3 - -2) + -25). What is the greatest common divisor of t and k?
26
Suppose -24*p = -40*p + 2160. Calculate the greatest common factor of p and 40.
5
Suppose 5*y - 10 = -b, 2*b = -0*b - 4*y + 26. Let z(c) = -6*c + 9. Let q be z(6). Let p = q - -33. Calculate the greatest common divisor of p and b.
3
Let o(j) = 8772*j**2 - 333*j - 333. Let d be o(-1). What is the greatest common divisor of 1020 and d?
204
Suppose -z - z = -2. Let d be ((-9)/(-2) + -4)*26. Suppose -2*o = -d*o + 99. What is the highest common divisor of z and o?
1
Let k = -44 - -34. Let o be (41 - k) + 3/1. Let b = 68 + -41. Calculate the greatest common factor of b and o.
27
Let a = -1410 + 2280. What is the highest common factor of a and 116?
58
Suppose -5*u - 2*k = -2012, 9*k - 6*k + 801 = 2*u. Let f be 4/((-1605)/u - -4). Calculate the highest common factor of 67 and f.
67
Suppose -979 = -v + 5*n, -4*v + 46*n + 3958 = 47*n. Calculate the highest common factor of 215 and v.
43
Suppose -3*i + 13*i = -3760. Let d = -346 - i. Calculate the greatest common divisor of d and 105.
15
Suppose 51*q - 11*q + 11*q = 313242. What is the greatest common divisor of q and 166?
166
Suppose 5*w - 310 = -90. Suppose -2*v = 3*j - w, 2*j - 3*j = 2*v - 48. Let p = -19 + v. What is the highest common factor of 12 and p?
6
Let s be (-1 + -64655)*(104 + -105) - 8/2. What is the highest common factor of s and 28?
28
Let t(f) = 3*f**3 - 194*f**2 + 133*f - 308. Let m be t(64). Calculate the highest common factor of 30468 and m.
12
Let q(s) = -28*s**3 - 195*s**2 - 5*s + 26. Let h be q(-7). What is the greatest common divisor of 1550 and h?
10
Let n(t) = -145*t - 684. Let j be n(-5). Calculate the highest common divisor of 7831 and j.
41
Suppose -4*p - 920 = -7*p + 5*u, -5*p = -8*u - 1532. What is the greatest common factor of 276 and p?
12
Suppose u = 5*t - 12, 4*u + 23*t = 22*t + 36. What is the highest common divisor of 24 and u?
8
Let a(b) = -b**3 - 15*b**2 + 2*b - 114. Let f be a(-16). Calculate the highest common factor of f and 253.
11
Suppose 0 = -3*a + 14*a - 10021. Let b = -877 + a. What is the highest common factor of 697 and b?
17
Let i(p) = 651*p**2 + 7*p - 6. Let w be i(1). What is the greatest common divisor of 4 and w?
4
Suppose 969*u = 938*u + 97371. What is the highest common factor of 9 and u?
9
Let a = -10275 - -10446. Calculate the highest common divisor of 1102 and a.
19
Let i = -11265 - -11355. What is the highest common divisor of 13320 and i?
90
Suppose 2*c + 5*s = 413, 0 = 3*c + 3*s + 311 - 926. Calculate the greatest common factor of 360 and c.
12
Suppose 2*r + 93 = 3*v - r, 2*v = -5*r + 97. Suppose 30*a - 5564 = 17*a. Let l = -248 + a. What is the greatest common factor of v and l?
36
Let y = 7 + 23. Let v(c) = 3*c**3 - 3*c**2 + 24*c - 76. Let o be v(3). Calculate the highest common divisor of o and y.
10
Let a be 11*(-15)/((-15)/2). Let m be 2/a - (-8972)/44. What is the highest common divisor of 34 and m?
34
Let z be (9 + 120/(-10))*(1 + -14). What is the greatest common divisor of z and 2353?
13
Suppose 0 = -j + 5*z + 54, -j + 94 = j - 3*z. Suppose 0 = 3*u + 4*v - 61, 0*u + 2*u - j = -v. Calculate the highest common divisor of u and 69.
23
Let g = -19 - -29. Suppose -12*t = -g*t - 16. Suppose 0 = t*v - 539 - 869. Calculate the greatest common divisor of 11 and v.
11
Let x be (15/2)/((-90)/(-8136)). What is the highest common factor of 15142 and x?
226
Let i be (-2280)/(-171)*(-18)/(-5). Let y = 499 - 307. What is the greatest common factor of y and i?
48
Suppose 5*o - 4*o + 4*l - 54 = 0, -l = -o + 24. What is the greatest common factor of 5430 and o?
30
Let d(u) = -14*u**2 + 0*u - 36*u**3 - 81 + 70*u**3 - 35*u**3 - 20*u. Let b be d(-13). What is the highest common divisor of b and 8?
2
Let q = 1195 - 601. Let f be (-3*(-1)/(-2))/(3/(-132)). What is the greatest common divisor of f and q?
66
Let c = 131 - 66. Let t(u) = -u**3 - 3*u**2 + 6*u - 16. Let w be t(-5). Suppose -w*p + 115 - 63 = 0. What is the highest common divisor of p and c?
13
Suppose -6*y + 4*y + 7*v + 700 = 0, -5*y - 4*v + 1621 = 0. Calculate the highest common factor of y and 77.
7
Let y(g) be the first derivative of -17*g**2/2 - 30*g - 12. Let z be y(-6). Let m = z + -66. Calculate the highest common factor of m and 15.
3
Let u be -1 + (-1)/((-1)/273). Let w be -14 + 38 + (-24)/(-4). Let r be 3*(-10 + 460/w). What is the highest common divisor of r and u?
16
Suppose 4343 - 1283 = 17*x. What is the greatest common divisor of 340 and x?
20
Suppose 6*q - 9 - 3 = 0. Let r be (2/2 - -17) + q. What is the highest common factor of r and 15?
5
Suppose -4*g + 54 = 5*q - 50, 2*q - 3*g = 60. What is the greatest common factor of q and 5388?
12
Let b = -107 - -106. Let y be ((-9)/(-3))/(b + (-1390)/(-1375)). Calculate the greatest common divisor of y and 25.
25
Suppose 18 = b - 10. Suppose -20*k = -b*k + 104. What is the greatest common divisor of 52 and k?
13
Suppose 3 + 1317 = 3*q. Let u = 45 + -56. Let c be ((-9)/4)/(u/q). What is the highest common divisor of 18 and c?
18
Suppose 2*t - 82 - 86 = 0. Let l(q) = q**3 + 26*q**2 - 44*q + 64. Let r be l(-28). Let o = r - -293. Calculate the greatest common divisor of t and o.
21
Let o = 343 - 135. Let s be (-7)/(-11 - 3) + 343/(-2). Let h = 197 + s. What is the greatest common factor of h and o?
26
Suppose -49*g + 396 = -584. Let f = 2 - -1. Let a be (292/6 + -2)*f. Calculate the highest common factor of g and a.
20
Let k(h) = -26*h + 584. Let z be k(12). What is the highest common factor of 476 and z?
68
Suppose 3*j = 2*j - 3*j. Suppose -5*f - 192 = 3*c, -f + j - 44 = 2*c. Let m = -28 - f. Calculate the greatest common factor of 40 and m.
8
Suppose -4*b = -4*y - 0*b + 76, -5*b - 20 = 0. Let o(r) = 10*r - 15. Let j be o(y). What is the greatest common divisor of j and 45?
45
Suppose 0 = 5*r + r - 18. Let z = 237 + r. Calculate the highest common factor of z and 5.
5
Suppose 3*i = -3*w + 297, -426 = -4*i + 4*w - 2*w. Suppose m - 49 - i = 0. What is the greatest common factor of 17 and m?
17
Suppose -o = -5*s - 3, -s + 11 = 3*o + 2. Suppose -o*b = -b - 4. Let a(i) = 37*i + 6. Let k be a(b). Calculate the highest common factor of 16 and k.
16
Suppose 0 = 3*v - v - 138. Suppose 3*c - 46 = -y, 0*c + 5*c = -3*y + 138. What is the highest common factor of v and y?
23
Suppose 0 = -1469*t + 1403*t + 1122. Calculate the highest common divisor of t and 3893.
17
Let r be (-2)/(-9) - (-266)/18. Let n = -178 - -149. Let a = -24 - n. Calculate the greatest common divisor of r and a.
5
Suppose 34*t + 490176 = 154*t + 72*t. Calculate the highest common factor of 897 and t.
69
Let r = -282 - -418. Suppose -9*o + 5*o + 3*o = -8. Calculate the highest common factor of o and r.
8
Let b(v) = 2*v + 18. Let a be b(8). Let y = -2825 - -2944. What is the highest common factor of y and a?
17
Suppose 3*m - 3 = 21. Let q be -2 + m + 1 + -4. Suppose 4*t - 12 = 4*h, 2*h - q*t + 19 = 4*h. What is the highest common factor of 3 and h?
1
Suppose 93 = 3*c - 3*r, c + 3*r + 0*r - 11 = 0. Suppose -13*o + 4*o = 6*o - 1560. Calculate the highest common divisor of c and o.
26
Let p(c) = c**2 - 2*c - 27. Suppose 0 = 2*b + 87 - 69. Let r be p(b). Calculate the greatest common divisor of 32 and r.
8
Let q = 747 + -689. Suppose -q*y = -19*y - 1092. Calculate the highest common factor of y and 98.
14
Suppose -9*i + 1071 = 21*i + 111. Let f(l) = 14*l**2 + 6*l + 4. Let a be f(6). Calculate the highest common divisor of a and i.
32
Let m(l) = l + 5. Let q be m(-2). Suppose 40 - 148 = -q*v. Suppose w - 5*j + 5 = -4*w, -2*j = -5*w + 10. What is the greatest common factor of w and v?
4
Let x(n) = -n**3 - 16*n**2 + 17*n + 4. Let t be x(-17). Let j be t/(-2)*1 + 22 + -6. Suppose j*c = 19*c - 30. Calculate the greatest common factor of 48 and c.
6
Suppose -15*u - 315 = -18*u. Suppose u*x = 99*x + 18. What is the greatest common factor of 36 and x?
3
Suppose 7*t - 10*t + 297 = 0. Suppose t = -z + 10*z. Suppose v = 4*d - 392, 0 = 4*d + 5*v - 3*v - 404. What is the greatest common divisor of z and d?
11
Let o = 168 + -164. Suppose o*s = 45 - 21. What is the highest common facto